{"id":11011,"date":"2014-01-04T20:41:39","date_gmt":"2014-01-04T19:41:39","guid":{"rendered":"http:\/\/narodnilijek.com\/web\/?page_id=11011"},"modified":"2018-04-03T12:52:56","modified_gmt":"2018-04-03T11:52:56","slug":"grcevita-stanja","status":"publish","type":"page","link":"https:\/\/www.narodnilijek.com\/web\/grcevita-stanja\/","title":{"rendered":"Gr\u010devita stanja"},"content":{"rendered":"<p><strong>Gr\u010devi u nogama<\/strong><br \/>\n<a title=\"Herbarium \u2013 Rutica\" href=\"http:\/\/narodnilijek.com\/web\/herbarium-rutica\/\">rutica<\/a><\/p>\n<p><strong>Gr\u010devi u tijelu<\/strong><br \/>\n<a title=\"Herbarium \u2013 Hrast lu\u017enjak\" href=\"http:\/\/narodnilijek.com\/web\/herbarium-hrast-luznjak\/\">hrast lu\u017enjak<\/a>, <a title=\"Herbarium \u2013 Jasenak\" href=\"http:\/\/narodnilijek.com\/web\/herbarium-jasenak\/\">jasenak<\/a>, <a title=\"Herbarium \u2013 Kamilica\" href=\"http:\/\/narodnilijek.com\/web\/herbarium-kamilica\/\">kamilica<\/a>, <a title=\"Herbarium \u2013 Kantarion\" href=\"http:\/\/narodnilijek.com\/web\/herbarium-kantarion\/\">kantarion<\/a>, <a title=\"Herbarium \u2013 Kokota\u010d\" href=\"http:\/\/narodnilijek.com\/web\/herbarium-kokotac\/\">kokotac<\/a>, <a title=\"Herbarium \u2013 Konoplja\" href=\"http:\/\/narodnilijek.com\/web\/herbarium-konoplja\/\">konoplja<\/a>, <a title=\"Herbarium \u2013 Velebilje\" href=\"http:\/\/narodnilijek.com\/web\/herbarium-velebilje\/\">velebilje<\/a><\/p>\n<p><strong>Gr\u010d u ruci od pisanja<\/strong><br \/>\n<a title=\"Herbarium \u2013 Rutica\" href=\"http:\/\/narodnilijek.com\/web\/herbarium-rutica\/\">rutica<\/a><\/p>\n","protected":false},"excerpt":{"rendered":"<p>Gr\u010devi u nogama rutica Gr\u010devi u tijelu hrast lu\u017enjak, jasenak, kamilica, kantarion, kokotac, konoplja, velebilje Gr\u010d u ruci od pisanja rutica<\/p>\n","protected":false},"author":1,"featured_media":0,"parent":0,"menu_order":0,"comment_status":"open","ping_status":"open","template":"","meta":{"jetpack_post_was_ever_published":false,"footnotes":""},"class_list":["post-11011","page","type-page","status-publish"],"yoast_head":"<!-- This site is optimized with the Yoast SEO plugin v25.3.1 - https:\/\/yoast.com\/wordpress\/plugins\/seo\/ -->\n<title>Gr\u010devita stanja<\/title>\n<meta name=\"robots\" content=\"index, follow, max-snippet:-1, max-image-preview:large, max-video-preview:-1\" \/>\n<link rel=\"canonical\" href=\"https:\/\/www.narodnilijek.com\/web\/grcevita-stanja\/\" \/>\n<meta property=\"og:locale\" content=\"hr_HR\" \/>\n<meta property=\"og:type\" content=\"article\" \/>\n<meta property=\"og:title\" content=\"Gr\u010devita stanja\" \/>\n<meta property=\"og:description\" content=\"Gr\u010devi u nogama rutica Gr\u010devi u tijelu hrast lu\u017enjak, jasenak, kamilica, kantarion, kokotac, konoplja, velebilje Gr\u010d u ruci od pisanja rutica\" \/>\n<meta property=\"og:url\" content=\"https:\/\/www.narodnilijek.com\/web\/grcevita-stanja\/\" \/>\n<meta property=\"og:site_name\" content=\"Narodni Lijek\" \/>\n<meta property=\"article:publisher\" content=\"https:\/\/www.facebook.com\/narodnilijek\/\" \/>\n<meta property=\"article:modified_time\" content=\"2018-04-03T11:52:56+00:00\" \/>\n<meta name=\"twitter:card\" content=\"summary_large_image\" \/>\n<meta name=\"twitter:site\" content=\"@narodnilijek\" \/>\n<script type=\"application\/ld+json\" class=\"yoast-schema-graph\">{\"@context\":\"https:\/\/schema.org\",\"@graph\":[{\"@type\":\"WebPage\",\"@id\":\"https:\/\/www.narodnilijek.com\/web\/grcevita-stanja\/\",\"url\":\"https:\/\/www.narodnilijek.com\/web\/grcevita-stanja\/\",\"name\":\"Gr\u010devita stanja\",\"isPartOf\":{\"@id\":\"https:\/\/www.narodnilijek.com\/web\/#website\"},\"datePublished\":\"2014-01-04T19:41:39+00:00\",\"dateModified\":\"2018-04-03T11:52:56+00:00\",\"breadcrumb\":{\"@id\":\"https:\/\/www.narodnilijek.com\/web\/grcevita-stanja\/#breadcrumb\"},\"inLanguage\":\"hr\",\"potentialAction\":[{\"@type\":\"ReadAction\",\"target\":[\"https:\/\/www.narodnilijek.com\/web\/grcevita-stanja\/\"]}]},{\"@type\":\"BreadcrumbList\",\"@id\":\"https:\/\/www.narodnilijek.com\/web\/grcevita-stanja\/#breadcrumb\",\"itemListElement\":[{\"@type\":\"ListItem\",\"position\":1,\"name\":\"Naslovna\",\"item\":\"https:\/\/www.narodnilijek.com\/web\/\"},{\"@type\":\"ListItem\",\"position\":2,\"name\":\"Gr\u010devita stanja\"}]},{\"@type\":\"WebSite\",\"@id\":\"https:\/\/www.narodnilijek.com\/web\/#website\",\"url\":\"https:\/\/www.narodnilijek.com\/web\/\",\"name\":\"Narodni Lijek\",\"description\":\"Magazin za zdravlje i alternativnu medicinu\",\"potentialAction\":[{\"@type\":\"SearchAction\",\"target\":{\"@type\":\"EntryPoint\",\"urlTemplate\":\"https:\/\/www.narodnilijek.com\/web\/?s={search_term_string}\"},\"query-input\":{\"@type\":\"PropertyValueSpecification\",\"valueRequired\":true,\"valueName\":\"search_term_string\"}}],\"inLanguage\":\"hr\"}]}<\/script>\n<!-- \/ Yoast SEO plugin. -->","yoast_head_json":{"title":"Gr\u010devita stanja","robots":{"index":"index","follow":"follow","max-snippet":"max-snippet:-1","max-image-preview":"max-image-preview:large","max-video-preview":"max-video-preview:-1"},"canonical":"https:\/\/www.narodnilijek.com\/web\/grcevita-stanja\/","og_locale":"hr_HR","og_type":"article","og_title":"Gr\u010devita stanja","og_description":"Gr\u010devi u nogama rutica Gr\u010devi u tijelu hrast lu\u017enjak, jasenak, kamilica, kantarion, kokotac, konoplja, velebilje Gr\u010d u ruci od pisanja rutica","og_url":"https:\/\/www.narodnilijek.com\/web\/grcevita-stanja\/","og_site_name":"Narodni Lijek","article_publisher":"https:\/\/www.facebook.com\/narodnilijek\/","article_modified_time":"2018-04-03T11:52:56+00:00","twitter_card":"summary_large_image","twitter_site":"@narodnilijek","schema":{"@context":"https:\/\/schema.org","@graph":[{"@type":"WebPage","@id":"https:\/\/www.narodnilijek.com\/web\/grcevita-stanja\/","url":"https:\/\/www.narodnilijek.com\/web\/grcevita-stanja\/","name":"Gr\u010devita stanja","isPartOf":{"@id":"https:\/\/www.narodnilijek.com\/web\/#website"},"datePublished":"2014-01-04T19:41:39+00:00","dateModified":"2018-04-03T11:52:56+00:00","breadcrumb":{"@id":"https:\/\/www.narodnilijek.com\/web\/grcevita-stanja\/#breadcrumb"},"inLanguage":"hr","potentialAction":[{"@type":"ReadAction","target":["https:\/\/www.narodnilijek.com\/web\/grcevita-stanja\/"]}]},{"@type":"BreadcrumbList","@id":"https:\/\/www.narodnilijek.com\/web\/grcevita-stanja\/#breadcrumb","itemListElement":[{"@type":"ListItem","position":1,"name":"Naslovna","item":"https:\/\/www.narodnilijek.com\/web\/"},{"@type":"ListItem","position":2,"name":"Gr\u010devita stanja"}]},{"@type":"WebSite","@id":"https:\/\/www.narodnilijek.com\/web\/#website","url":"https:\/\/www.narodnilijek.com\/web\/","name":"Narodni Lijek","description":"Magazin za zdravlje i alternativnu medicinu","potentialAction":[{"@type":"SearchAction","target":{"@type":"EntryPoint","urlTemplate":"https:\/\/www.narodnilijek.com\/web\/?s={search_term_string}"},"query-input":{"@type":"PropertyValueSpecification","valueRequired":true,"valueName":"search_term_string"}}],"inLanguage":"hr"}]}},"jetpack_shortlink":"https:\/\/wp.me\/P56gMi-2RB","jetpack_sharing_enabled":true,"jetpack-related-posts":[],"_links":{"self":[{"href":"https:\/\/www.narodnilijek.com\/web\/wp-json\/wp\/v2\/pages\/11011","targetHints":{"allow":["GET"]}}],"collection":[{"href":"https:\/\/www.narodnilijek.com\/web\/wp-json\/wp\/v2\/pages"}],"about":[{"href":"https:\/\/www.narodnilijek.com\/web\/wp-json\/wp\/v2\/types\/page"}],"author":[{"embeddable":true,"href":"https:\/\/www.narodnilijek.com\/web\/wp-json\/wp\/v2\/users\/1"}],"replies":[{"embeddable":true,"href":"https:\/\/www.narodnilijek.com\/web\/wp-json\/wp\/v2\/comments?post=11011"}],"version-history":[{"count":10,"href":"https:\/\/www.narodnilijek.com\/web\/wp-json\/wp\/v2\/pages\/11011\/revisions"}],"predecessor-version":[{"id":29472,"href":"https:\/\/www.narodnilijek.com\/web\/wp-json\/wp\/v2\/pages\/11011\/revisions\/29472"}],"wp:attachment":[{"href":"https:\/\/www.narodnilijek.com\/web\/wp-json\/wp\/v2\/media?parent=11011"}],"curies":[{"name":"wp","href":"https:\/\/api.w.org\/{rel}","templated":true}]}}