{"id":11032,"date":"2014-01-04T20:59:12","date_gmt":"2014-01-04T19:59:12","guid":{"rendered":"http:\/\/narodnilijek.com\/web\/?page_id=11032"},"modified":"2018-04-03T12:51:21","modified_gmt":"2018-04-03T11:51:21","slug":"bolesti-zlijezda-i-izmjene-tvari","status":"publish","type":"page","link":"https:\/\/www.narodnilijek.com\/web\/bolesti-zlijezda-i-izmjene-tvari\/","title":{"rendered":"Bolesti \u017elijezda i izmjene tvari"},"content":{"rendered":"<p><strong>Bronhijalne \u017elijezde poti\u010de na rad<\/strong><br \/>\n<a title=\"Herbarium \u2013 Masla\u010dak\" href=\"http:\/\/narodnilijek.com\/web\/herbarium-maslacak\/\">masla\u010dak<\/a><\/p>\n<p><strong>Godine promjene kod \u017eena (klimakterij)<\/strong><br \/>\n<a title=\"Herbarium \u2013 Pasiflora\" href=\"http:\/\/narodnilijek.com\/web\/herbarium-pasiflora\/\">pasiflora<\/a>, <a title=\"Herbarium \u2013 Pelin divlji\" href=\"http:\/\/narodnilijek.com\/web\/herbarium-pelin-divlji\/\">pelin divlji<\/a>, <a title=\"Herbarium \u2013 Srda\u010dica\" href=\"http:\/\/narodnilijek.com\/web\/herbarium-srdacica\/\">srda\u010dica<\/a><\/p>\n<p><strong>Godine promjene kod mu\u0161karaca<\/strong><br \/>\n<a title=\"Herbarium \u2013 Pasiflora\" href=\"http:\/\/narodnilijek.com\/web\/herbarium-pasiflora\/\">pasiflora<\/a><\/p>\n<p><strong>Iznemoglost &#8211; malaksalost<\/strong><br \/>\n<a title=\"Herbarium \u2013 Ani\u0161\" href=\"http:\/\/narodnilijek.com\/web\/herbarium-anis\/\">ani\u0161<\/a>, <a title=\"Herbarium \u2013 Badem slatki\" href=\"http:\/\/narodnilijek.com\/web\/herbarium-badem-slatki\/\">badem<\/a>, <a title=\"Herbarium \u2013 Bedrenika\" href=\"http:\/\/narodnilijek.com\/web\/herbarium-bedrenika\/\">bedrenika<\/a>, <a title=\"Herbarium \u2013 Borovica, Kleka\" href=\"http:\/\/narodnilijek.com\/web\/herbarium-borovica\/\">borovica<\/a>, <a title=\"Herbarium \u2013 Bo\u017eur\" href=\"http:\/\/narodnilijek.com\/web\/herbarium-bozur\/\">bo\u017eur<\/a>, <a title=\"Herbarium \u2013 Brusnica\" href=\"http:\/\/narodnilijek.com\/web\/herbarium-brusnica\/\">brusnica<\/a>, <a title=\"Herbarium \u2013 \u010ce\u0161njak\" href=\"http:\/\/narodnilijek.com\/web\/herbarium-cesnjak\/\">\u010de\u0161njak<\/a>, <a title=\"Herbarium \u2013 Despik\" href=\"http:\/\/narodnilijek.com\/web\/herbarium-despik\/\">despik<\/a>, <a title=\"Herbarium \u2013 Djetelina gorka\" href=\"http:\/\/narodnilijek.com\/web\/herbarium-djetelina-gorka\/\">djetelina gorka<\/a>, <a title=\"Herbarium \u2013 Glog bijeli\" href=\"http:\/\/narodnilijek.com\/web\/herbarium-glog-bijeli2\/\">glog bijeli<\/a>, <a title=\"Herbarium \u2013 Gr\u010dka djetelina\" href=\"http:\/\/narodnilijek.com\/web\/herbarium-grcka-djetelina\/\">gr\u010dka djetelina<\/a>, <a title=\"Herbarium \u2013 Hrast lu\u017enjak\" href=\"http:\/\/narodnilijek.com\/web\/herbarium-hrast-luznjak\/\">hrast lu\u017enjak<\/a>, <a title=\"Herbarium \u2013 Komora\u010d\" href=\"http:\/\/narodnilijek.com\/web\/herbarium-komorac\/\">komora\u010d<\/a>, <a title=\"Herbarium \u2013 Ljup\u010dac\" href=\"http:\/\/narodnilijek.com\/web\/herbarium-ljupcac\/\">ljup\u010dac<\/a>, <a title=\"Herbarium \u2013 Podbjel\" href=\"http:\/\/narodnilijek.com\/web\/herbarium-podbjel\/\">podbjel<\/a>, <a title=\"Herbarium \u2013 Ribiz crni\" href=\"http:\/\/narodnilijek.com\/web\/herbarium-ribiz-crni\/\">ribiz crni<\/a>, <a title=\"Herbarium \u2013 Tetrljan\" href=\"http:\/\/narodnilijek.com\/web\/herbarium-tetrljan\/\">tetrljan<\/a>, <a title=\"Herbarium \u2013 \u017dutilovka\" href=\"http:\/\/narodnilijek.com\/web\/herbarium-zutilovka\/\">\u017eutilovka<\/a><\/p>\n<p><strong>Lo\u0161e sokove izvla\u010di iz tijela<\/strong><br \/>\n<a title=\"Herbarium \u2013 Kamilica\" href=\"http:\/\/narodnilijek.com\/web\/herbarium-kamilica\/\">kamilica<\/a>, <a title=\"Herbarium \u2013 Vrba bijela\" href=\"http:\/\/narodnilijek.com\/web\/herbarium-vrba-bijela\/\">vrba bijela<\/a><\/p>\n<p><strong>Mr\u0161avljenje &#8211; iznurenost (kahexia)<\/strong><br \/>\n<a title=\"Herbarium \u2013 Agava\" href=\"http:\/\/narodnilijek.com\/web\/herbarium-agava\/\">agava<\/a>, <a title=\"Herbarium \u2013 Pelin vrtni\" href=\"http:\/\/narodnilijek.com\/web\/herbarium-pelin-vrtni\/\">pelin<\/a>, <a title=\"Herbarium \u2013 \u0160ipak\" href=\"http:\/\/narodnilijek.com\/web\/herbarium-sipak\/\">\u0161ipak<\/a><\/p>\n<p><strong>Napadno suha usta i \u017ee\u0111<\/strong><br \/>\n<a title=\"Herbarium \u2013 Je\u010dam\" href=\"http:\/\/narodnilijek.com\/web\/herbarium-jecam\/\">je\u010dam<\/a>, <a title=\"Herbarium \u2013 Zimzelen\" href=\"http:\/\/narodnilijek.com\/web\/herbarium-zimzelen\/\">zimzelen<\/a><\/p>\n<p><strong>Ote\u010dene i upaljene \u017elijezde<\/strong><br \/>\n<a title=\"Herbarium \u2013 Orah\" href=\"http:\/\/narodnilijek.com\/web\/herbarium-orah\/\">orah pitomi<\/a>, <a title=\"Herbarium \u2013 Podbjel\" href=\"http:\/\/narodnilijek.com\/web\/herbarium-podbjel\/\">podbjel<\/a>, <a title=\"Herbarium \u2013 Ze\u010dji Trn\" href=\"http:\/\/narodnilijek.com\/web\/herbarium-zecji-trn\/\">ze\u010dji trn<\/a><\/p>\n<p><strong>Poticanje na rad svih \u017elijezda<\/strong><br \/>\n<a title=\"Herbarium \u2013 Hren\" href=\"http:\/\/narodnilijek.com\/web\/herbarium-hren\/\">hren<\/a>, <a title=\"Herbarium \u2013 Masla\u010dak\" href=\"http:\/\/narodnilijek.com\/web\/herbarium-maslacak\/\">masla\u010dak<\/a>, <a title=\"Herbarium \u2013 Sr\u010denjak\" href=\"http:\/\/narodnilijek.com\/web\/herbarium-srcenjak\/\">trava od srca<\/a>, <a title=\"Herbarium \u2013 Ze\u010dji Trn \u017duti\" href=\"http:\/\/narodnilijek.com\/web\/herbarium-zecji-trn-zuti\/\">ze\u010dji trn \u017euti<\/a><\/p>\n<p><strong>Pove\u0107anje \u0161titnja\u010de (Basedow)<\/strong><br \/>\n<a title=\"Herbarium \u2013 Bo\u017eje drvce\" href=\"http:\/\/narodnilijek.com\/web\/herbarium-bozje-drvce\/\">bo\u017eje drvce<\/a>, <a title=\"Herbarium \u2013 \u010cemerika bijela\" href=\"http:\/\/narodnilijek.com\/web\/herbarium-cemerika-bijela\/\">\u010demerika bijela<\/a>, <a title=\"Herbarium \u2013 Despik\" href=\"http:\/\/narodnilijek.com\/web\/herbarium-despik\/\">despik<\/a>, <a title=\"Herbarium \u2013 Gr\u010dka djetelina\" href=\"http:\/\/narodnilijek.com\/web\/herbarium-grcka-djetelina\/\">djetelina gr\u010dka<\/a>, <a title=\"Herbarium \u2013 Gorocvijet\" href=\"http:\/\/narodnilijek.com\/web\/herbarium-gorocvijet\/\">gorocvijet<\/a>, <a title=\"Herbarium \u2013 Kupina\" href=\"http:\/\/narodnilijek.com\/web\/herbarium-kupina\/\">kupina<\/a>, <a title=\"Herbarium \u2013 Oslad\" href=\"http:\/\/narodnilijek.com\/web\/herbarium-oslad\/\">oslad<\/a><\/p>\n<p><strong>Prevelika debljina<\/strong><br \/>\n<a title=\"Herbarium \u2013 Bazga\" href=\"http:\/\/narodnilijek.com\/web\/herbarium-bazga\/\">bazga<\/a>, <a title=\"Herbarium \u2013 Buditeljica\" href=\"http:\/\/narodnilijek.com\/web\/herbarium-buditeljica\/\">buditeljica<\/a>, <a title=\"Herbarium \u2013 Jabuka\" href=\"http:\/\/narodnilijek.com\/web\/herbarium-jabuka\/\">jabuka<\/a>, <a title=\"Herbarium \u2013 Pelin vrtni\" href=\"http:\/\/narodnilijek.com\/web\/herbarium-pelin-vrtni\/\">pelin vrtni<\/a>, <a title=\"Herbarium \u2013 Preslica\" href=\"http:\/\/narodnilijek.com\/web\/herbarium-preslica\/\">preslica<\/a><\/p>\n<p><strong>Reguliranje poreme\u0107ene izmjene tvari<\/strong><br \/>\n<a title=\"Herbarium \u2013 Arti\u010doka\" href=\"http:\/\/narodnilijek.com\/web\/herbarium-articoka\/\">arti\u010doka<\/a>, <a title=\"Herbarium \u2013 Borovica, Kleka\" href=\"http:\/\/narodnilijek.com\/web\/herbarium-borovica\/\">borovica<\/a>, <a title=\"Herbarium \u2013 Jabuka\" href=\"http:\/\/narodnilijek.com\/web\/herbarium-jabuka\/\">jabuka<\/a>, <a title=\"Herbarium \u2013 Jagoda \u0161umska\" href=\"http:\/\/narodnilijek.com\/web\/herbarium-jagoda-sumska\/\">jagoda<\/a>, <a title=\"Herbarium \u2013 Kamilica\" href=\"http:\/\/narodnilijek.com\/web\/herbarium-kamilica\/\">kamilica<\/a>, <a title=\"Herbarium \u2013 Kopriva velika\" href=\"http:\/\/narodnilijek.com\/web\/herbarium-kopriva-velika\/\">kopriva velika<\/a>, <a title=\"Herbarium \u2013 Per\u0161in vrtni\" href=\"http:\/\/narodnilijek.com\/web\/herbarium-persin-vrtni\/\">per\u0161in<\/a>, <a title=\"Herbarium \u2013 Preslica\" href=\"http:\/\/narodnilijek.com\/web\/herbarium-preslica\/\">preslica<\/a>, <a title=\"Herbarium \u2013 Sapunika\" href=\"http:\/\/narodnilijek.com\/web\/herbarium-sapunika\/\">sapunika<\/a>, <a title=\"Herbarium \u2013 \u0160ikalina \u017euta\" href=\"http:\/\/narodnilijek.com\/web\/herbarium-sikalina-zuta\/\">\u0161ikalina<\/a>, <a title=\"Herbarium \u2013 \u0160ipak\" href=\"http:\/\/narodnilijek.com\/web\/herbarium-sipak\/\">\u0161ipak<\/a>, <a title=\"Herbarium \u2013 Ze\u010dji Trn\" href=\"http:\/\/narodnilijek.com\/web\/herbarium-zecji-trn\/\">ze\u010dji trn<\/a><\/p>\n<p><strong>Slabost op\u0107a<\/strong><br \/>\n<a title=\"Herbarium \u2013 Kopriva velika\" href=\"http:\/\/narodnilijek.com\/web\/herbarium-kopriva-velika\/\">kopriva velika<\/a>, <a title=\"Herbarium \u2013 Mati\u010dnjak\" href=\"http:\/\/narodnilijek.com\/web\/herbarium-maticnjak\/\">mati\u010dnjak<\/a>, <a title=\"Herbarium \u2013 Ma\u017euran divlji\" href=\"http:\/\/narodnilijek.com\/web\/herbarium-mazuran-divlji\/\">ma\u017euran pitomi<\/a>, <a title=\"Herbarium \u2013 Pelin divlji\" href=\"http:\/\/narodnilijek.com\/web\/herbarium-pelin-divlji\/\">pelin divlji<\/a>, <a title=\"Herbarium \u2013 Pelin vrtni\" href=\"http:\/\/narodnilijek.com\/web\/herbarium-pelin-vrtni\/\">pelin vrtni<\/a>, <a title=\"Herbarium \u2013 Petrovac\" href=\"http:\/\/narodnilijek.com\/web\/herbarium-petrovac\/\">petrovac<\/a>, <a title=\"Herbarium \u2013 Preslica\" href=\"http:\/\/narodnilijek.com\/web\/herbarium-preslica\/\">preslica<\/a>, <a title=\"Herbarium \u2013 Ribiz crni\" href=\"http:\/\/narodnilijek.com\/web\/herbarium-ribiz-crni\/\">ribiz crni<\/a>, <a title=\"Herbarium \u2013 Ru\u017emarin\" href=\"http:\/\/narodnilijek.com\/web\/herbarium-ruzmarin\/\">ru\u017emarin<\/a>, <a title=\"Herbarium \u2013 Sr\u010denjak\" href=\"http:\/\/narodnilijek.com\/web\/herbarium-srcenjak\/\">trava od srca<\/a><\/p>\n<p><strong>Stara\u010dka slabost<\/strong><br \/>\n<a title=\"Herbarium \u2013 Je\u010dam\" href=\"http:\/\/narodnilijek.com\/web\/herbarium-jecam\/\">je\u010dam<\/a>, <a title=\"Herbarium \u2013 Ka\u0107un obi\u010dni\" href=\"http:\/\/narodnilijek.com\/web\/herbarium-kacun-obicni\/\">ka\u0107un obi\u010dni<\/a>, <a title=\"Herbarium \u2013 Lincura\" href=\"http:\/\/narodnilijek.com\/web\/herbarium-lincura\/\">lincura<\/a>, <a title=\"Herbarium \u2013 Masla\u010dak\" href=\"http:\/\/narodnilijek.com\/web\/herbarium-maslacak\/\">masla\u010dak<\/a><\/p>\n<p><strong>Svrabe\u017e tijela<\/strong><br \/>\n<a title=\"Herbarium \u2013 Oman\" href=\"http:\/\/narodnilijek.com\/web\/herbarium-oman\/\">oman<\/a><\/p>\n<p><strong>\u0160e\u0107erna bolest<\/strong><br \/>\n<a title=\"Herbarium \u2013 Borovnica Crna\" href=\"http:\/\/narodnilijek.com\/web\/herbarium-borovnica-crna\/\">borovnica crna<\/a>, <a title=\"Herbarium \u2013 Brijest\" href=\"http:\/\/narodnilijek.com\/web\/herbarium-brijest\/\">brijest<\/a>, <a title=\"Herbarium \u2013 Dragu\u0161ac\" href=\"http:\/\/narodnilijek.com\/web\/herbarium-dragusac\/\">dragu\u0161ac<\/a>, <a title=\"Herbarium \u2013 Dud crni\" href=\"http:\/\/narodnilijek.com\/web\/herbarium-dud-crni\/\">dud crni<\/a>, <a title=\"Herbarium \u2013 Dup\u010dac\" href=\"http:\/\/narodnilijek.com\/web\/herbarium-dupcac\/\">dup\u010dac<\/a>, <a title=\"Herbarium \u2013 Goru\u0161ica crna\" href=\"http:\/\/narodnilijek.com\/web\/herbarium-gorusica-crna\/\">goru\u0161ica crna<\/a>, <a title=\"Herbarium \u2013 Gr\u010dka djetelina\" href=\"http:\/\/narodnilijek.com\/web\/herbarium-grcka-djetelina\/\">gr\u010dka djetelina<\/a>, <a title=\"Herbarium \u2013 Hrast lu\u017enjak\" href=\"http:\/\/narodnilijek.com\/web\/herbarium-hrast-luznjak\/\">hrast lu\u017enjak<\/a>, <a title=\"Herbarium \u2013 Li\u0161aj islandski\" href=\"http:\/\/narodnilijek.com\/web\/herbarium-lisaj-islandski\/\">islandski li\u0161aj<\/a>, <a title=\"Herbarium \u2013 Ki\u010dica\" href=\"http:\/\/narodnilijek.com\/web\/herbarium-kicica\/\">ki\u010dica<\/a>, <a title=\"Herbarium \u2013 Kravljak\" href=\"http:\/\/narodnilijek.com\/web\/herbarium-kravljak\/\">kravljak<\/a>, <a title=\"Herbarium \u2013 Kukuruzna svila\" href=\"http:\/\/narodnilijek.com\/web\/herbarium-kukuruzna-svila\/\">kukuruzna svila<\/a>, <a title=\"Herbarium \u2013 Masla\u010dak\" href=\"http:\/\/narodnilijek.com\/web\/herbarium-maslacak\/\">masla\u010dak<\/a>, <a title=\"Herbarium \u2013 Pelin divlji\" href=\"http:\/\/narodnilijek.com\/web\/herbarium-pelin-divlji\/\">pelin<\/a>, <a title=\"Herbarium \u2013 Sapunika\" href=\"http:\/\/narodnilijek.com\/web\/herbarium-sapunika\/\">sapunika<\/a>, <a title=\"Herbarium \u2013 Sr\u010denjak\" href=\"http:\/\/narodnilijek.com\/web\/herbarium-srcenjak\/\">trava od srca<\/a>, <a title=\"Herbarium \u2013 Troskot\" href=\"http:\/\/narodnilijek.com\/web\/herbarium-troskot\/\">troskot<\/a>, <a title=\"Herbarium \u2013 Ze\u010dje no\u017eice\" href=\"http:\/\/narodnilijek.com\/web\/herbarium-zecje-nozice\/\">ze\u010dje no\u017eice<\/a>, <a title=\"Herbarium \u2013 Zimzelen\" href=\"http:\/\/narodnilijek.com\/web\/herbarium-zimzelen\/\">zimzelen<\/a><\/p>\n<p><strong>Tijelo oboga\u0107uje mineralina<\/strong><br \/>\n<a title=\"Herbarium \u2013 Preslica\" href=\"http:\/\/narodnilijek.com\/web\/herbarium-preslica\/\">preslica<\/a><\/p>\n<p><strong>\u017dlijezda gu\u0161tera\u010da (pancreas)<\/strong><br \/>\n<a title=\"Herbarium \u2013 Dup\u010dac\" href=\"http:\/\/narodnilijek.com\/web\/herbarium-dupcac\/\">dup\u010dac<\/a>, <a title=\"Herbarium \u2013 Imela\" href=\"http:\/\/narodnilijek.com\/web\/herbarium-imela\/\">imela<\/a>, <a title=\"Herbarium \u2013 Kopriva mala\" href=\"http:\/\/narodnilijek.com\/web\/herbarium-kopriva-mala\/\">kopriva mala<\/a>, <a title=\"Herbarium \u2013 Pirevina\" href=\"http:\/\/narodnilijek.com\/web\/herbarium-pirevina\/\">pirevina<\/a>, <a title=\"Herbarium \u2013 Rosopas \u017euti\" href=\"http:\/\/narodnilijek.com\/web\/herbarium-rosopas-zuti\/\">rosopas \u017euti<\/a>, <a title=\"Herbarium \u2013 Sapunika\" href=\"http:\/\/narodnilijek.com\/web\/herbarium-sapunika\/\">sapunika<\/a>, <a title=\"Herbarium \u2013 Sljez bijeli\" href=\"http:\/\/narodnilijek.com\/web\/herbarium-sljez-bijeli\/\">sljez bijeli<\/a><\/p>\n","protected":false},"excerpt":{"rendered":"<p>Bronhijalne \u017elijezde poti\u010de na rad masla\u010dak Godine promjene kod \u017eena (klimakterij) pasiflora, pelin divlji, srda\u010dica Godine promjene kod mu\u0161karaca pasiflora Iznemoglost &#8211; malaksalost ani\u0161, badem, bedrenika, borovica, bo\u017eur, brusnica, \u010de\u0161njak, despik, djetelina gorka, glog bijeli, gr\u010dka djetelina, hrast lu\u017enjak, komora\u010d, ljup\u010dac, podbjel, ribiz crni, tetrljan, \u017eutilovka Lo\u0161e sokove izvla\u010di iz tijela kamilica, vrba bijela Mr\u0161avljenje [&hellip;]<\/p>\n","protected":false},"author":1,"featured_media":0,"parent":0,"menu_order":0,"comment_status":"open","ping_status":"open","template":"","meta":{"jetpack_post_was_ever_published":false,"footnotes":""},"class_list":["post-11032","page","type-page","status-publish"],"yoast_head":"<!-- This site is optimized with the Yoast SEO plugin v25.3.1 - https:\/\/yoast.com\/wordpress\/plugins\/seo\/ -->\n<title>Bolesti \u017elijezda i izmjene tvari<\/title>\n<meta name=\"robots\" content=\"index, follow, max-snippet:-1, max-image-preview:large, max-video-preview:-1\" \/>\n<link rel=\"canonical\" href=\"https:\/\/www.narodnilijek.com\/web\/bolesti-zlijezda-i-izmjene-tvari\/\" \/>\n<meta property=\"og:locale\" content=\"hr_HR\" \/>\n<meta property=\"og:type\" content=\"article\" \/>\n<meta property=\"og:title\" content=\"Bolesti \u017elijezda i izmjene tvari\" \/>\n<meta property=\"og:description\" content=\"Bronhijalne \u017elijezde poti\u010de na rad masla\u010dak Godine promjene kod \u017eena (klimakterij) pasiflora, pelin divlji, srda\u010dica Godine promjene kod mu\u0161karaca pasiflora Iznemoglost &#8211; malaksalost ani\u0161, badem, bedrenika, borovica, bo\u017eur, brusnica, \u010de\u0161njak, despik, djetelina gorka, glog bijeli, gr\u010dka djetelina, hrast lu\u017enjak, komora\u010d, ljup\u010dac, podbjel, ribiz crni, tetrljan, \u017eutilovka Lo\u0161e sokove izvla\u010di iz tijela kamilica, vrba bijela Mr\u0161avljenje [&hellip;]\" \/>\n<meta property=\"og:url\" content=\"https:\/\/www.narodnilijek.com\/web\/bolesti-zlijezda-i-izmjene-tvari\/\" \/>\n<meta property=\"og:site_name\" content=\"Narodni Lijek\" \/>\n<meta property=\"article:publisher\" content=\"https:\/\/www.facebook.com\/narodnilijek\/\" \/>\n<meta property=\"article:modified_time\" content=\"2018-04-03T11:51:21+00:00\" \/>\n<meta name=\"twitter:card\" content=\"summary_large_image\" \/>\n<meta name=\"twitter:site\" content=\"@narodnilijek\" \/>\n<meta name=\"twitter:label1\" content=\"Procijenjeno vrijeme \u010ditanja\" \/>\n\t<meta name=\"twitter:data1\" content=\"1 minuta\" \/>\n<script type=\"application\/ld+json\" class=\"yoast-schema-graph\">{\"@context\":\"https:\/\/schema.org\",\"@graph\":[{\"@type\":\"WebPage\",\"@id\":\"https:\/\/www.narodnilijek.com\/web\/bolesti-zlijezda-i-izmjene-tvari\/\",\"url\":\"https:\/\/www.narodnilijek.com\/web\/bolesti-zlijezda-i-izmjene-tvari\/\",\"name\":\"Bolesti \u017elijezda i izmjene tvari\",\"isPartOf\":{\"@id\":\"https:\/\/www.narodnilijek.com\/web\/#website\"},\"datePublished\":\"2014-01-04T19:59:12+00:00\",\"dateModified\":\"2018-04-03T11:51:21+00:00\",\"breadcrumb\":{\"@id\":\"https:\/\/www.narodnilijek.com\/web\/bolesti-zlijezda-i-izmjene-tvari\/#breadcrumb\"},\"inLanguage\":\"hr\",\"potentialAction\":[{\"@type\":\"ReadAction\",\"target\":[\"https:\/\/www.narodnilijek.com\/web\/bolesti-zlijezda-i-izmjene-tvari\/\"]}]},{\"@type\":\"BreadcrumbList\",\"@id\":\"https:\/\/www.narodnilijek.com\/web\/bolesti-zlijezda-i-izmjene-tvari\/#breadcrumb\",\"itemListElement\":[{\"@type\":\"ListItem\",\"position\":1,\"name\":\"Naslovna\",\"item\":\"https:\/\/www.narodnilijek.com\/web\/\"},{\"@type\":\"ListItem\",\"position\":2,\"name\":\"Bolesti \u017elijezda i izmjene tvari\"}]},{\"@type\":\"WebSite\",\"@id\":\"https:\/\/www.narodnilijek.com\/web\/#website\",\"url\":\"https:\/\/www.narodnilijek.com\/web\/\",\"name\":\"Narodni Lijek\",\"description\":\"Magazin za zdravlje i alternativnu medicinu\",\"potentialAction\":[{\"@type\":\"SearchAction\",\"target\":{\"@type\":\"EntryPoint\",\"urlTemplate\":\"https:\/\/www.narodnilijek.com\/web\/?s={search_term_string}\"},\"query-input\":{\"@type\":\"PropertyValueSpecification\",\"valueRequired\":true,\"valueName\":\"search_term_string\"}}],\"inLanguage\":\"hr\"}]}<\/script>\n<!-- \/ Yoast SEO plugin. -->","yoast_head_json":{"title":"Bolesti \u017elijezda i izmjene tvari","robots":{"index":"index","follow":"follow","max-snippet":"max-snippet:-1","max-image-preview":"max-image-preview:large","max-video-preview":"max-video-preview:-1"},"canonical":"https:\/\/www.narodnilijek.com\/web\/bolesti-zlijezda-i-izmjene-tvari\/","og_locale":"hr_HR","og_type":"article","og_title":"Bolesti \u017elijezda i izmjene tvari","og_description":"Bronhijalne \u017elijezde poti\u010de na rad masla\u010dak Godine promjene kod \u017eena (klimakterij) pasiflora, pelin divlji, srda\u010dica Godine promjene kod mu\u0161karaca pasiflora Iznemoglost &#8211; malaksalost ani\u0161, badem, bedrenika, borovica, bo\u017eur, brusnica, \u010de\u0161njak, despik, djetelina gorka, glog bijeli, gr\u010dka djetelina, hrast lu\u017enjak, komora\u010d, ljup\u010dac, podbjel, ribiz crni, tetrljan, \u017eutilovka Lo\u0161e sokove izvla\u010di iz tijela kamilica, vrba bijela Mr\u0161avljenje [&hellip;]","og_url":"https:\/\/www.narodnilijek.com\/web\/bolesti-zlijezda-i-izmjene-tvari\/","og_site_name":"Narodni Lijek","article_publisher":"https:\/\/www.facebook.com\/narodnilijek\/","article_modified_time":"2018-04-03T11:51:21+00:00","twitter_card":"summary_large_image","twitter_site":"@narodnilijek","twitter_misc":{"Procijenjeno vrijeme \u010ditanja":"1 minuta"},"schema":{"@context":"https:\/\/schema.org","@graph":[{"@type":"WebPage","@id":"https:\/\/www.narodnilijek.com\/web\/bolesti-zlijezda-i-izmjene-tvari\/","url":"https:\/\/www.narodnilijek.com\/web\/bolesti-zlijezda-i-izmjene-tvari\/","name":"Bolesti \u017elijezda i izmjene tvari","isPartOf":{"@id":"https:\/\/www.narodnilijek.com\/web\/#website"},"datePublished":"2014-01-04T19:59:12+00:00","dateModified":"2018-04-03T11:51:21+00:00","breadcrumb":{"@id":"https:\/\/www.narodnilijek.com\/web\/bolesti-zlijezda-i-izmjene-tvari\/#breadcrumb"},"inLanguage":"hr","potentialAction":[{"@type":"ReadAction","target":["https:\/\/www.narodnilijek.com\/web\/bolesti-zlijezda-i-izmjene-tvari\/"]}]},{"@type":"BreadcrumbList","@id":"https:\/\/www.narodnilijek.com\/web\/bolesti-zlijezda-i-izmjene-tvari\/#breadcrumb","itemListElement":[{"@type":"ListItem","position":1,"name":"Naslovna","item":"https:\/\/www.narodnilijek.com\/web\/"},{"@type":"ListItem","position":2,"name":"Bolesti \u017elijezda i izmjene tvari"}]},{"@type":"WebSite","@id":"https:\/\/www.narodnilijek.com\/web\/#website","url":"https:\/\/www.narodnilijek.com\/web\/","name":"Narodni Lijek","description":"Magazin za zdravlje i alternativnu medicinu","potentialAction":[{"@type":"SearchAction","target":{"@type":"EntryPoint","urlTemplate":"https:\/\/www.narodnilijek.com\/web\/?s={search_term_string}"},"query-input":{"@type":"PropertyValueSpecification","valueRequired":true,"valueName":"search_term_string"}}],"inLanguage":"hr"}]}},"jetpack_shortlink":"https:\/\/wp.me\/P56gMi-2RW","jetpack_sharing_enabled":true,"jetpack-related-posts":[],"_links":{"self":[{"href":"https:\/\/www.narodnilijek.com\/web\/wp-json\/wp\/v2\/pages\/11032","targetHints":{"allow":["GET"]}}],"collection":[{"href":"https:\/\/www.narodnilijek.com\/web\/wp-json\/wp\/v2\/pages"}],"about":[{"href":"https:\/\/www.narodnilijek.com\/web\/wp-json\/wp\/v2\/types\/page"}],"author":[{"embeddable":true,"href":"https:\/\/www.narodnilijek.com\/web\/wp-json\/wp\/v2\/users\/1"}],"replies":[{"embeddable":true,"href":"https:\/\/www.narodnilijek.com\/web\/wp-json\/wp\/v2\/comments?post=11032"}],"version-history":[{"count":10,"href":"https:\/\/www.narodnilijek.com\/web\/wp-json\/wp\/v2\/pages\/11032\/revisions"}],"predecessor-version":[{"id":29471,"href":"https:\/\/www.narodnilijek.com\/web\/wp-json\/wp\/v2\/pages\/11032\/revisions\/29471"}],"wp:attachment":[{"href":"https:\/\/www.narodnilijek.com\/web\/wp-json\/wp\/v2\/media?parent=11032"}],"curies":[{"name":"wp","href":"https:\/\/api.w.org\/{rel}","templated":true}]}}