{"id":11047,"date":"2014-01-04T23:01:17","date_gmt":"2014-01-04T22:01:17","guid":{"rendered":"http:\/\/narodnilijek.com\/web\/?page_id=11047"},"modified":"2018-04-03T12:39:33","modified_gmt":"2018-04-03T11:39:33","slug":"bolesti-nosa","status":"publish","type":"page","link":"https:\/\/www.narodnilijek.com\/web\/bolesti-nosa\/","title":{"rendered":"Bolesti nosa"},"content":{"rendered":"<p><strong>Hunjavica (rhinitis)<\/strong><br \/>\n<a title=\"Herbarium \u2013 Bosiljak pitomi\" href=\"http:\/\/narodnilijek.com\/web\/herbarium-bosiljak-pitomi\/\">bosiljak<\/a>, <a title=\"Herbarium \u2013 Dobri\u010dica\" href=\"http:\/\/narodnilijek.com\/web\/herbarium-dobricica\/\">dobri\u010dica<\/a>, <a title=\"Herbarium \u2013 Jabuka\" href=\"http:\/\/narodnilijek.com\/web\/herbarium-jabuka\/\">jabuka<\/a>, <a title=\"Herbarium \u2013 Timjan poljski \u2013 Maj\u010dina du\u0161ica\" href=\"http:\/\/narodnilijek.com\/web\/herbarium-timjan-poljski-majcina-dusica\/\">maj\u010dina du\u0161ica<\/a>, <a title=\"Herbarium \u2013 Ma\u017euran divlji\" href=\"http:\/\/narodnilijek.com\/web\/herbarium-mazuran-divlji\/\">ma\u017euran<\/a>, <a title=\"Herbarium \u2013 Vidac\" href=\"http:\/\/narodnilijek.com\/web\/herbarium-vidac\/\">vidac<\/a><\/p>\n<p><strong>Kihanje uzrokuje<\/strong><br \/>\n<a title=\"Herbarium \u2013 Jaglac\" href=\"http:\/\/narodnilijek.com\/web\/herbarium-jaglac\/\">jaglac<\/a><\/p>\n<p><strong>Kihanje zaustavlja<\/strong><br \/>\n<a title=\"Herbarium \u2013 Kumin\" href=\"http:\/\/narodnilijek.com\/web\/herbarium-kumin\/\">kumin<\/a><\/p>\n<p><strong>Krvarenje iz nosa<\/strong><br \/>\n<a title=\"Herbarium \u2013 Kokota\u010d\" href=\"http:\/\/narodnilijek.com\/web\/herbarium-kokotac\/\">kokota\u010d<\/a>, <a title=\"Herbarium \u2013 Luk crveni\" href=\"http:\/\/narodnilijek.com\/web\/herbarium-luk-obicni\/\">luk<\/a>, <a title=\"Herbarium \u2013 Perunika\" href=\"http:\/\/narodnilijek.com\/web\/herbarium-perunika\/\">perunika<\/a>, <a title=\"Herbarium \u2013 Preslica\" href=\"http:\/\/narodnilijek.com\/web\/herbarium-preslica\/\">preslica<\/a>, <a title=\"Herbarium \u2013 Rusoma\u010da\" href=\"http:\/\/narodnilijek.com\/web\/herbarium-rusomaca\/\">rusoma\u010da<\/a>, <a title=\"Herbarium \u2013 Sr\u010denjak\" href=\"http:\/\/narodnilijek.com\/web\/herbarium-srcenjak\/\">trava od srca<\/a>, <a title=\"Herbarium \u2013 Zimzelen\" href=\"http:\/\/narodnilijek.com\/web\/herbarium-zimzelen\/\">zimzelen<\/a>, <a title=\"Herbarium \u2013 \u017dli\u010dnjak\" href=\"http:\/\/narodnilijek.com\/web\/herbarium-zlicnjak\/\">\u017eli\u010dnjak<\/a><\/p>\n<p><strong>Nos za\u010depljen<\/strong><br \/>\n<a title=\"Herbarium \u2013 Luk crveni\" href=\"http:\/\/narodnilijek.com\/web\/herbarium-luk-obicni\/\">luk<\/a>, <a title=\"Herbarium \u2013 Vidac\" href=\"http:\/\/narodnilijek.com\/web\/herbarium-vidac\/\">vidac<\/a><\/p>\n<p><strong>Polipi &#8211; izrasline u nosu<\/strong><br \/>\n<a title=\"Herbarium \u2013 Br\u0161ljan\" href=\"http:\/\/narodnilijek.com\/web\/herbarium-brsljan\/\">br\u0161ljan<\/a>, <a title=\"Herbarium \u2013 Preslica\" href=\"http:\/\/narodnilijek.com\/web\/herbarium-preslica\/\">preslica<\/a><\/p>\n<p><strong>Upala sluznice nosa<\/strong><br \/>\n<a title=\"Herbarium \u2013 Je\u010dam\" href=\"http:\/\/narodnilijek.com\/web\/herbarium-jecam\/\">je\u010dam<\/a>, <a title=\"Herbarium \u2013 Ka\u0107un obi\u010dni\" href=\"http:\/\/narodnilijek.com\/web\/herbarium-kacun-obicni\/\">ka\u0107un obi\u010dni<\/a>, <a title=\"Herbarium \u2013 Kamilica\" href=\"http:\/\/narodnilijek.com\/web\/herbarium-kamilica\/\">kamilica<\/a>, <a title=\"Herbarium \u2013 Kesten divlji\" href=\"http:\/\/narodnilijek.com\/web\/herbarium-kesten-divlji\/\">kesten divlji<\/a>, <a title=\"Herbarium \u2013 Kiselica\" href=\"http:\/\/narodnilijek.com\/web\/herbarium-kiselica\/\">kiselica<\/a>, <a title=\"Herbarium \u2013 Plu\u0107njak ljekoviti\" href=\"http:\/\/narodnilijek.com\/web\/herbarium-plucnjak-ljekoviti\/\">plu\u0107njak ljekoviti<\/a>, <a title=\"Herbarium \u2013 Ru\u017emarin\" href=\"http:\/\/narodnilijek.com\/web\/herbarium-ruzmarin\/\">ru\u017emarin<\/a>, <a title=\"Herbarium \u2013 Sljez bijeli\" href=\"http:\/\/narodnilijek.com\/web\/herbarium-sljez-bijeli\/\">sljez bijeli<\/a>, <a title=\"Herbarium \u2013 Trputac\" href=\"http:\/\/narodnilijek.com\/web\/herbarium-trputac\/\">trputac<\/a>, <a title=\"Herbarium \u2013 Vidac\" href=\"http:\/\/narodnilijek.com\/web\/herbarium-vidac\/\">vidac<\/a><\/p>\n","protected":false},"excerpt":{"rendered":"<p>Hunjavica (rhinitis) bosiljak, dobri\u010dica, jabuka, maj\u010dina du\u0161ica, ma\u017euran, vidac Kihanje uzrokuje jaglac Kihanje zaustavlja kumin Krvarenje iz nosa kokota\u010d, luk, perunika, preslica, rusoma\u010da, trava od srca, zimzelen, \u017eli\u010dnjak Nos za\u010depljen luk, vidac Polipi &#8211; izrasline u nosu br\u0161ljan, preslica Upala sluznice nosa je\u010dam, ka\u0107un obi\u010dni, kamilica, kesten divlji, kiselica, plu\u0107njak ljekoviti, ru\u017emarin, sljez bijeli, trputac, [&hellip;]<\/p>\n","protected":false},"author":1,"featured_media":0,"parent":0,"menu_order":0,"comment_status":"open","ping_status":"open","template":"","meta":{"jetpack_post_was_ever_published":false,"footnotes":""},"class_list":["post-11047","page","type-page","status-publish"],"yoast_head":"<!-- This site is optimized with the Yoast SEO plugin v25.3.1 - https:\/\/yoast.com\/wordpress\/plugins\/seo\/ -->\n<title>Bolesti nosa<\/title>\n<meta name=\"robots\" content=\"index, follow, max-snippet:-1, max-image-preview:large, max-video-preview:-1\" \/>\n<link rel=\"canonical\" href=\"https:\/\/www.narodnilijek.com\/web\/bolesti-nosa\/\" \/>\n<meta property=\"og:locale\" content=\"hr_HR\" \/>\n<meta property=\"og:type\" content=\"article\" \/>\n<meta property=\"og:title\" content=\"Bolesti nosa\" \/>\n<meta property=\"og:description\" content=\"Hunjavica (rhinitis) bosiljak, dobri\u010dica, jabuka, maj\u010dina du\u0161ica, ma\u017euran, vidac Kihanje uzrokuje jaglac Kihanje zaustavlja kumin Krvarenje iz nosa kokota\u010d, luk, perunika, preslica, rusoma\u010da, trava od srca, zimzelen, \u017eli\u010dnjak Nos za\u010depljen luk, vidac Polipi &#8211; izrasline u nosu br\u0161ljan, preslica Upala sluznice nosa je\u010dam, ka\u0107un obi\u010dni, kamilica, kesten divlji, kiselica, plu\u0107njak ljekoviti, ru\u017emarin, sljez bijeli, trputac, [&hellip;]\" \/>\n<meta property=\"og:url\" content=\"https:\/\/www.narodnilijek.com\/web\/bolesti-nosa\/\" \/>\n<meta property=\"og:site_name\" content=\"Narodni Lijek\" \/>\n<meta property=\"article:publisher\" content=\"https:\/\/www.facebook.com\/narodnilijek\/\" \/>\n<meta property=\"article:modified_time\" content=\"2018-04-03T11:39:33+00:00\" \/>\n<meta name=\"twitter:card\" content=\"summary_large_image\" \/>\n<meta name=\"twitter:site\" content=\"@narodnilijek\" \/>\n<script type=\"application\/ld+json\" class=\"yoast-schema-graph\">{\"@context\":\"https:\/\/schema.org\",\"@graph\":[{\"@type\":\"WebPage\",\"@id\":\"https:\/\/www.narodnilijek.com\/web\/bolesti-nosa\/\",\"url\":\"https:\/\/www.narodnilijek.com\/web\/bolesti-nosa\/\",\"name\":\"Bolesti nosa\",\"isPartOf\":{\"@id\":\"https:\/\/www.narodnilijek.com\/web\/#website\"},\"datePublished\":\"2014-01-04T22:01:17+00:00\",\"dateModified\":\"2018-04-03T11:39:33+00:00\",\"breadcrumb\":{\"@id\":\"https:\/\/www.narodnilijek.com\/web\/bolesti-nosa\/#breadcrumb\"},\"inLanguage\":\"hr\",\"potentialAction\":[{\"@type\":\"ReadAction\",\"target\":[\"https:\/\/www.narodnilijek.com\/web\/bolesti-nosa\/\"]}]},{\"@type\":\"BreadcrumbList\",\"@id\":\"https:\/\/www.narodnilijek.com\/web\/bolesti-nosa\/#breadcrumb\",\"itemListElement\":[{\"@type\":\"ListItem\",\"position\":1,\"name\":\"Naslovna\",\"item\":\"https:\/\/www.narodnilijek.com\/web\/\"},{\"@type\":\"ListItem\",\"position\":2,\"name\":\"Bolesti nosa\"}]},{\"@type\":\"WebSite\",\"@id\":\"https:\/\/www.narodnilijek.com\/web\/#website\",\"url\":\"https:\/\/www.narodnilijek.com\/web\/\",\"name\":\"Narodni Lijek\",\"description\":\"Magazin za zdravlje i alternativnu medicinu\",\"potentialAction\":[{\"@type\":\"SearchAction\",\"target\":{\"@type\":\"EntryPoint\",\"urlTemplate\":\"https:\/\/www.narodnilijek.com\/web\/?s={search_term_string}\"},\"query-input\":{\"@type\":\"PropertyValueSpecification\",\"valueRequired\":true,\"valueName\":\"search_term_string\"}}],\"inLanguage\":\"hr\"}]}<\/script>\n<!-- \/ Yoast SEO plugin. -->","yoast_head_json":{"title":"Bolesti nosa","robots":{"index":"index","follow":"follow","max-snippet":"max-snippet:-1","max-image-preview":"max-image-preview:large","max-video-preview":"max-video-preview:-1"},"canonical":"https:\/\/www.narodnilijek.com\/web\/bolesti-nosa\/","og_locale":"hr_HR","og_type":"article","og_title":"Bolesti nosa","og_description":"Hunjavica (rhinitis) bosiljak, dobri\u010dica, jabuka, maj\u010dina du\u0161ica, ma\u017euran, vidac Kihanje uzrokuje jaglac Kihanje zaustavlja kumin Krvarenje iz nosa kokota\u010d, luk, perunika, preslica, rusoma\u010da, trava od srca, zimzelen, \u017eli\u010dnjak Nos za\u010depljen luk, vidac Polipi &#8211; izrasline u nosu br\u0161ljan, preslica Upala sluznice nosa je\u010dam, ka\u0107un obi\u010dni, kamilica, kesten divlji, kiselica, plu\u0107njak ljekoviti, ru\u017emarin, sljez bijeli, trputac, [&hellip;]","og_url":"https:\/\/www.narodnilijek.com\/web\/bolesti-nosa\/","og_site_name":"Narodni Lijek","article_publisher":"https:\/\/www.facebook.com\/narodnilijek\/","article_modified_time":"2018-04-03T11:39:33+00:00","twitter_card":"summary_large_image","twitter_site":"@narodnilijek","schema":{"@context":"https:\/\/schema.org","@graph":[{"@type":"WebPage","@id":"https:\/\/www.narodnilijek.com\/web\/bolesti-nosa\/","url":"https:\/\/www.narodnilijek.com\/web\/bolesti-nosa\/","name":"Bolesti nosa","isPartOf":{"@id":"https:\/\/www.narodnilijek.com\/web\/#website"},"datePublished":"2014-01-04T22:01:17+00:00","dateModified":"2018-04-03T11:39:33+00:00","breadcrumb":{"@id":"https:\/\/www.narodnilijek.com\/web\/bolesti-nosa\/#breadcrumb"},"inLanguage":"hr","potentialAction":[{"@type":"ReadAction","target":["https:\/\/www.narodnilijek.com\/web\/bolesti-nosa\/"]}]},{"@type":"BreadcrumbList","@id":"https:\/\/www.narodnilijek.com\/web\/bolesti-nosa\/#breadcrumb","itemListElement":[{"@type":"ListItem","position":1,"name":"Naslovna","item":"https:\/\/www.narodnilijek.com\/web\/"},{"@type":"ListItem","position":2,"name":"Bolesti nosa"}]},{"@type":"WebSite","@id":"https:\/\/www.narodnilijek.com\/web\/#website","url":"https:\/\/www.narodnilijek.com\/web\/","name":"Narodni Lijek","description":"Magazin za zdravlje i alternativnu medicinu","potentialAction":[{"@type":"SearchAction","target":{"@type":"EntryPoint","urlTemplate":"https:\/\/www.narodnilijek.com\/web\/?s={search_term_string}"},"query-input":{"@type":"PropertyValueSpecification","valueRequired":true,"valueName":"search_term_string"}}],"inLanguage":"hr"}]}},"jetpack_shortlink":"https:\/\/wp.me\/P56gMi-2Sb","jetpack_sharing_enabled":true,"jetpack-related-posts":[],"_links":{"self":[{"href":"https:\/\/www.narodnilijek.com\/web\/wp-json\/wp\/v2\/pages\/11047","targetHints":{"allow":["GET"]}}],"collection":[{"href":"https:\/\/www.narodnilijek.com\/web\/wp-json\/wp\/v2\/pages"}],"about":[{"href":"https:\/\/www.narodnilijek.com\/web\/wp-json\/wp\/v2\/types\/page"}],"author":[{"embeddable":true,"href":"https:\/\/www.narodnilijek.com\/web\/wp-json\/wp\/v2\/users\/1"}],"replies":[{"embeddable":true,"href":"https:\/\/www.narodnilijek.com\/web\/wp-json\/wp\/v2\/comments?post=11047"}],"version-history":[{"count":9,"href":"https:\/\/www.narodnilijek.com\/web\/wp-json\/wp\/v2\/pages\/11047\/revisions"}],"predecessor-version":[{"id":29464,"href":"https:\/\/www.narodnilijek.com\/web\/wp-json\/wp\/v2\/pages\/11047\/revisions\/29464"}],"wp:attachment":[{"href":"https:\/\/www.narodnilijek.com\/web\/wp-json\/wp\/v2\/media?parent=11047"}],"curies":[{"name":"wp","href":"https:\/\/api.w.org\/{rel}","templated":true}]}}